{"id":84,"date":"2020-02-17T16:11:34","date_gmt":"2020-02-17T15:11:34","guid":{"rendered":"https:\/\/essaisprecoces.onco-nouvelle-aquitaine.fr\/?page_id=84"},"modified":"2020-02-25T16:28:17","modified_gmt":"2020-02-25T15:28:17","slug":"contact","status":"publish","type":"page","link":"https:\/\/essaisprecoces.onco-nouvelle-aquitaine.fr\/?page_id=84","title":{"rendered":"Contact"},"content":{"rendered":"<p>&nbsp;<\/p>\n<h3>Votre interlocuteur<\/h3>\n<table style=\"width: 34.3977%; border-collapse: collapse; height: 160px;\" cellpadding=\"20px\">\n<tbody>\n<tr>\n<td style=\"width: 100%; background-color: #00a5be; padding: 20px;\">\n<p class=\"has-text-color\" style=\"color: #ffffff; font-size: 14px;\">Mme Awa Sansano, charg\u00e9e de projets sant\u00e9 publique<\/p>\n<p class=\"has-text-color\" style=\"color: #ffffff; font-size: 14px;\">T\u00e9l\u00e9phone : 05 56 33 32 84<\/p>\n<p><span style=\"color: #ffffff;\">E-mail : <a style=\"color: #ffffff;\" href=\"mailto:awa.sansano@onco-na.fr\" target=\"_blank\" rel=\"noopener noreferrer\">awa.sansano@onco-na.fr<\/a><\/span><\/td>\n<\/tr>\n<\/tbody>\n<\/table>\n<p>&nbsp;<\/p>\n","protected":false},"excerpt":{"rendered":"<p>&nbsp; Votre interlocuteur Mme Awa Sansano, charg\u00e9e de projets sant\u00e9 publique T\u00e9l\u00e9phone : 05 56 33 32 84 E-mail : awa.sansano@onco-na.fr &nbsp;<\/p>\n","protected":false},"author":2,"featured_media":0,"parent":0,"menu_order":0,"comment_status":"closed","ping_status":"closed","template":"","meta":{"footnotes":""},"class_list":["post-84","page","type-page","status-publish","hentry"],"_links":{"self":[{"href":"https:\/\/essaisprecoces.onco-nouvelle-aquitaine.fr\/index.php?rest_route=\/wp\/v2\/pages\/84","targetHints":{"allow":["GET"]}}],"collection":[{"href":"https:\/\/essaisprecoces.onco-nouvelle-aquitaine.fr\/index.php?rest_route=\/wp\/v2\/pages"}],"about":[{"href":"https:\/\/essaisprecoces.onco-nouvelle-aquitaine.fr\/index.php?rest_route=\/wp\/v2\/types\/page"}],"author":[{"embeddable":true,"href":"https:\/\/essaisprecoces.onco-nouvelle-aquitaine.fr\/index.php?rest_route=\/wp\/v2\/users\/2"}],"replies":[{"embeddable":true,"href":"https:\/\/essaisprecoces.onco-nouvelle-aquitaine.fr\/index.php?rest_route=%2Fwp%2Fv2%2Fcomments&post=84"}],"version-history":[{"count":21,"href":"https:\/\/essaisprecoces.onco-nouvelle-aquitaine.fr\/index.php?rest_route=\/wp\/v2\/pages\/84\/revisions"}],"predecessor-version":[{"id":491,"href":"https:\/\/essaisprecoces.onco-nouvelle-aquitaine.fr\/index.php?rest_route=\/wp\/v2\/pages\/84\/revisions\/491"}],"wp:attachment":[{"href":"https:\/\/essaisprecoces.onco-nouvelle-aquitaine.fr\/index.php?rest_route=%2Fwp%2Fv2%2Fmedia&parent=84"}],"curies":[{"name":"wp","href":"https:\/\/api.w.org\/{rel}","templated":true}]}}